e d(0).
9
Suppose j = 3*k + 18, k = -2*j + j - 2. Let p(b) = -7*b**3 + b + 4*b**2 + 16*b**3 - 8*b**j. Give p(-4).
-4
Suppose 0 = b - 0*b - 3. Suppose 2*q - 6 = b*q. Let y(k) = -k**3 - 5*k**2 + 7*k - 7. Calculate y(q).
-13
Let v(x) be the second derivative of 1/6*x**3 + 2*x**2 - x + 0. Let z = 0 + -3. What is v(z)?
1
Let o(y) = 2 + y + 1 + 1. Let n = -4 - -22. Suppose -n = 5*s + 2. What is o(s)?
0
Let h be (-3)/9 + 3/9. Let p(g) = -3 + h - 2*g + g. Let m(b) = 2*b + 7. Let s(n) = -4*m(n) - 10*p(n). Calculate s(4).
10
Let c(s) = 2*s + 7. Let t(p) = 2*p + 2. Let a be t(-4). Determine c(a).
-5
Let a = -13 + 17. Let g(s) = -s**3 + 4*s**2 + 4*s - 6. Calculate g(a).
10
Let d(k) be the third derivative of -k**6/120 - k**5/10 - k**4/12 + k**3 - 5*k**2. Let h = -10 + 5. Give d(h).
-9
Suppose 180 = -24*n + 28*n. Let c be 60/n + (-2)/(-3). Let r(u) = 3*u. Give r(c).
6
Suppose -4*w = z - 10, 7 = 4*z + w - 3. Let l(x) = -6*x + 2. What is l(z)?
-10
Suppose -4*n = -7*n - 6. Let p(y) = -9*y + 2. Let c(d) = -4*d + 1. Let i(u) = n*p(u) + 5*c(u). Suppose 6 = 2*x - 0*x. Give i(x).
-5
Let a(i) = -2*i**2 - 3*i + 2. Let s be a(-2). Let f(o) = -o**3 + o**2 - o + 9. What is f(s)?
9
Let p(b) = b**2 - 2*b + 4. Let g be p(2). Let w(f) = -f**3 + 5*f**2 - 5*f - 4. What is w(g)?
-8
Let q(n) = n + 8. Let h(j) = j**2 - 14*j + 21. Let l be h(12). Give q(l).
5
Let j(k) = -k**2 - 7*k - 3. Let v(q) = q**2 + 15*q - 7. Let i be v(-15). Determine j(i).
-3
Suppose 0 = 4*r - 5*z - 24, 3*z + 16 = -z. Let y(q) = -q + r - q - q + 2*q. Determine y(-5).
6
Let p(d) = d**3 + 6*d**2 + 6*d - 1. Suppose -2 = -2*f + 3*n, f = -0*f + n - 1. Determine p(f).
-6
Let p(v) = -6*v**2 - 5*v - 4. Let h(o) = -11*o**2 - 9*o - 7. Let f(j) = -4*h(j) + 7*p(j). What is f(-1)?
1
Let j(c) = 3*c - 5 - c + 6*c**2 - c**3 - c. Give j(6).
1
Let t(x) = x**3 - 6*x**2 - 6*x - 10. Let l = -12 - -19. Determine t(l).
-3
Suppose -4*o - 1 + 9 = 0. Let b(u) = 4*u - 2. Determine b(o).
6
Let j(h) = 2*h**2 + 7*h + 1. Let x(n) = 2*n**2 + 8*n. Let p(v) = -4*j(v) + 3*x(v). Determine p(-3).
-10
Suppose 3*a - 2*g - 31 = -0*a, -3*g = -3. Let i(t) = t**2 - 11*t - 7. Determine i(a).
-7
Suppose -3*k - u + 10 = 0, 4*u = -2*k + 4*k + 12. Let o(n) = -n**3 + 2*n**2 - 3*n + 3. What is o(k)?
-3
Let w(q) be the second derivative of -q**4/12 - q**3/6 + q**2 + 4*q. What is w(2)?
-4
Let g(x) = x**2 - x + 5. Suppose -4*y + 16 = 0, 4*r - 4 = 2*y - 12. Determine g(r).
5
Let q(z) be the first derivative of z**4/4 + 4*z**3/3 - 2*z**2 - 7*z + 1. Let d = 109 - 114. What is q(d)?
-12
Let s(o) = -o**3 + 3*o**2 - o - 4. Let a(w) = -w - 1 + 0 + 0*w. Let q be a(-4). What is s(q)?
-7
Let o(d) = -d**2 - d + 2. Let f be o(0). Let a(c) = 5*c - f*c - c. Let l be 44/12 - 1/(-3). Calculate a(l).
8
Let k(l) be the second derivative of -l**5/60 - 7*l**4/24 - l**3/2 + 2*l**2 - 2*l. Let p(x) be the first derivative of k(x). Determine p(-5).
7
Let q = 7 - 11. Let w be 4/(-14) + (-32)/(-14). Let j(n) = 9*n + w*n**2 + 2 - 6*n - n**2. What is j(q)?
6
Let s(j) be the third derivative of -j**6/120 + j**5/15 + j**4/24 - 5*j**3/6 + 15*j**2. What is s(4)?
-1
Let s be ((-7)/((-7)/(-2)))/(-2). Let v(l) = 19*l**2 + l. Determine v(s).
20
Let p(s) = -s**2 - 2*s. Let r = 0 - 4. Give p(r).
-8
Let x(k) = -6*k - 20 + 5 + 10 - k**2 + 8. Calculate x(-5).
8
Let y(z) be the second derivative of z**4/12 + 7*z**3/6 - z**2 - z. Calculate y(-5).
-12
Let d(m) = -11*m**2 + 7*m**2 + 9*m**2 - 2 - 5*m - m**3. What is d(4)?
-6
Let y(g) = -2*g - 1. Let c(u) = 4*u + 3. Let j(b) = -4*c(b) - 9*y(b). Let n(q) = 3*q - 4. Let z(k) = 5*j(k) - 4*n(k). What is z(2)?
-3
Let y(n) = -3*n + 9. Let j be 1/2 + 85/10 + -3. Give y(j).
-9
Let m(p) = -33 - 140*p + 35 + 141*p. Let b(u) = u**2 + 8*u + 9. Let s be b(-6). Give m(s).
-1
Let b(a) = a**3 - 7*a**2 - a + 8. Let w be b(7). Let i(j) = 3*j. Calculate i(w).
3
Let v = -180 - -181. Let t(f) be the third derivative of -f**5/5 - f**4/24 - f**2. Determine t(v).
-13
Let l(o) be the third derivative of -o**5/60 - o**4/24 - 2*o**3/3 + 15*o**2. Calculate l(-4).
-16
Let q(g) = -g**2 - 2*g + 1. Let s = 21 - -9. Suppose -5*x = -0*x - s. Suppose -4*c = -7*c - x. Give q(c).
1
Let x(n) = n**2 + 7*n - 2. Let h be 177 + ((-2)/(-1) - -1). Let q be h/(-25) + (-2)/(-10). Give x(q).
-2
Suppose 5*i - i + 20 = 0. Let l(o) = -5*o**2 + 5*o + 2. Let x(a) = -6*a**2 + 5*a + 3. Let u(j) = 7*l(j) - 6*x(j). What is u(i)?
-4
Let w(g) = 2*g - g - 2 + 2. Give w(-5).
-5
Suppose 4*x - 121 = -r, 0*r + 2*r + 99 = 3*x. Suppose l + 2*z = -2*l + x, -2*z = 5*l - 45. Let w(p) = p**3 - 8*p**2 + 6*p + 6. What is w(l)?
-1
Let r(l) = l**2 - 2*l - 5. Let d be r(5). Let t be 1/(-2) + 5/d. Suppose t = -0*b - 4*b. Let v(c) = -c**2 - c + 9. What is v(b)?
9
Let t(v) be the first derivative of -v**5/40 + v**4/24 + 2*v**3 - 5. Let c(h) be the third derivative of t(h). Give c(-2).
7
Suppose -4 = r - 0. Let c(x) = x**3 + 4*x**2 - 2*x - 5. Give c(r).
3
Let y(o) = -o**3 + 6*o**2 - 7*o + 7. Let z be y(5). Let k = z + 5. Let v(i) = 4*i**2 - 2*i - 2. Let b(r) = -r**2 + r + 1. Let w(p) = 2*b(p) + v(p). Give w(k).
8
Let k(o) = o - 19. Let u = 49 + -49. Calculate k(u).
-19
Suppose -4*t + l + 4*l + 1 = 0, -2*l - 4 = 2*t. Let i be (-1)/(t/4*1). Let y(w) = 5*w + 8. Let c(z) = -6*z - 9. Let q(n) = i*c(n) + 5*y(n). Calculate q(-5).
-1
Let y(a) = a**2 + 3*a - 6. Suppose 14*k - 10 = 16*k. Determine y(k).
4
Let t be (1/(-2) - -3)*2. Let w(u) = 2*u + 1. Determine w(t).
11
Let w(a) = -a**2 + 4*a + 2. Let u = 23 + -3. Suppose 2*f - u = -3*f. Calculate w(f).
2
Let w(g) = g - 2. Let k(o) = o**3 + 2*o**2 + 1. Let d be k(-2). Calculate w(d).
-1
Let q(a) = a - 7. Suppose 0*z - 5*z = -25. Let g be q(z). Let i(y) = -y**2 + 2*y + 3. What is i(g)?
-5
Let h(k) be the third derivative of k**6/120 - 2*k**5/15 + 7*k**4/24 + 3*k**3/2 - 6*k**2. Let v be ((-14)/3)/((-6)/9). What is h(v)?
9
Let j(w) = -1. Let l(r) = -r**2 + 5*r - 1. Let c(h) = -2*j(h) - l(h). Let s be (6/(-4))/((-3)/8). Suppose 0*m - s*m = -12. What is c(m)?
-3
Let u be ((-1)/(-3))/(-4 + (-69)/(-18)). Let l(m) = m**2 + 4*m - 7. Let o(n) = -n**2 - 3*n + 6. Let x(f) = -4*l(f) - 5*o(f). What is x(u)?
4
Let n(q) = -q**3 + 4*q**2 - 4*q - 1. Suppose 4*p - 4 = -c + 4*c, -3*c = -p - 8. Give n(c).
-17
Let s(q) be the first derivative of q**4/4 - 5*q**3/3 + 5*q**2/2 + 2*q - 1. Let f = 19 - 15. Determine s(f).
6
Let s = 1 - 2. Let d(q) = -2*q**3 - 6*q**2 + 7*q - 3. Let b(v) = v**3. Let y(a) = s*d(a) - 3*b(a). What is y(5)?
-7
Let u(i) = -i - 6. Let x(f) = 2*f**2 - 2*f - 2. Let n be x(2). Let c be n/(-8) + (-26)/(-8). Let s(t) = t**2 - 3*t. Let a be s(c). What is u(a)?
-6
Let g(r) = r**3 + 7*r**2 + r + 4. Let o = -43 - -36. Determine g(o).
-3
Let r(v) = v**3 + 5*v**2 + 3*v + 2. Suppose -j - 3*l + 10 = 0, 3*l + 16 = 7*l. Give r(j).
8
Let p(i) = i - 2. Suppose -a + 17 = -2*a - 5*k, -3*k - 15 = -a. Let s be (2/(-5))/(a/(-15)). Suppose 16 = 4*d + s*r, 0 = d - 7*r + 2*r + 18. What is p(d)?
0
Let p(g) = 2*g**2 - g**2 + 7*g**3 - 2 + g**2 + 1. Give p(1).
8
Let j be -7 + (0 - (5 - 7)). Let w(u) = u**3 + 4*u**2 - 3*u + 1. What is w(j)?
-9
Let x(c) = -2*c**2 + c**2 - 4 - c**2 + c**2. Give x(0).
-4
Let z(b) = -b**3 - 6*b**2 + 4*b - 12. Let v(q) = q**3 + 7*q**2 - 5*q + 11. Let j(u) = -5*v(u) - 6*z(u). Determine j(0).
17
Let i be 7/(-4) + 3/(-12). Let a = 7 + i. Suppose -3*r - 4*s = s - 26, -a*s = -20. Let u(y) = -y - 1. Calculate u(r).
-3
Suppose 305 = 2*c + 3*c. Let x(l) = 2 + 68*l**2 - c*l**2 - 3. What is x(1)?
6
Let m be (2/(-4))/((-7)/84). Let k(a) = m - 9 - a + 2*a. Calculate k(0).
-3
Let z = -13 + 30. Let x(y) = z*y - 14*y - 7*y + 1. What is x(-2)?
9
Let s(a) = -a**2 - 17*a - 5. Let p be s(-17). Let b(z) = 1. Let d(k) = -k**2 - 3*k + 10. Let w(y) = -5*b(y) + d(y). What is w(p)?
-5
Let r(g) = 4*g**2 - 1. Let l(v) = 2*v**2 - 1. Let f be l(1). Let k = 0 + f. Let p be 1 + -2 - (-2)/k. Give r(p).
3
Suppose 3*z - 1 = -2*j - 2, 4*j - 7 = 3*z. Suppose 2 = 2*d - 2. Let o(f) = d*f**2 - 3*f**2 - 3*f**2 + f. Calculate o(j).
-3
Let u(n) be the first derivative of n**3/3 - 2*n**2 - 5*n + 4. Give u(5).
0
Let g = -16 - -15. Let v(b) = 2 - 2*b + 4 - 4. Let i(t) = t - 1. Let o(q) = i(q) + v(q). Determine o(g).
2
Let z(a) = 7*a**2 - 8*a - 6. Let o(q) = -15*q**2 + 17*q + 13. Let w(i) = 6*o(i) + 13*z(i). Let r be (6/10)/((-2)/(-